of 4594?
4
What is the units digit of 7825?
5
What is the units digit of 31239?
9
What is the hundreds digit of 5129?
1
What is the hundreds digit of 2235?
2
What is the units digit of 3741?
1
What is the hundreds digit of 979?
9
What is the units digit of 973?
3
What is the hundreds digit of 746?
7
What is the tens digit of 880?
8
What is the thousands digit of 2361?
2
What is the tens digit of 39291?
9
What is the units digit of 4687?
7
What is the hundreds digit of 204?
2
What is the tens digit of 4360?
6
What is the hundreds digit of 5572?
5
What is the hundred thousands digit of 126398?
1
What is the hundreds digit of 14323?
3
What is the tens digit of 2653?
5
What is the hundreds digit of 2154?
1
What is the tens digit of 159?
5
What is the tens digit of 5056?
5
What is the hundreds digit of 981?
9
What is the units digit of 4535?
5
What is the units digit of 59673?
3
What is the ten thousands digit of 18301?
1
What is the units digit of 833?
3
What is the tens digit of 50582?
8
What is the hundreds digit of 14445?
4
What is the tens digit of 601?
0
What is the hundreds digit of 3067?
0
What is the thousands digit of 2284?
2
What is the tens digit of 357?
5
What is the units digit of 33739?
9
What is the units digit of 2301?
1
What is the hundreds digit of 1892?
8
What is the tens digit of 378?
7
What is the tens digit of 2140?
4
What is the hundreds digit of 69978?
9
What is the thousands digit of 2964?
2
What is the units digit of 186242?
2
What is the ten thousands digit of 73600?
7
What is the hundreds digit of 6814?
8
What is the units digit of 961?
1
What is the ten thousands digit of 119316?
1
What is the hundreds digit of 706?
7
What is the tens digit of 3420?
2
What is the thousands digit of 5831?
5
What is the hundreds digit of 1599?
5
What is the tens digit of 12502?
0
What is the hundreds digit of 8095?
0
What is the tens digit of 11344?
4
What is the hundreds digit of 5262?
2
What is the units digit of 209?
9
What is the thousands digit of 162471?
2
What is the tens digit of 131?
3
What is the units digit of 226?
6
What is the thousands digit of 2045?
2
What is the tens digit of 1969?
6
What is the ten thousands digit of 34233?
3
What is the ten thousands digit of 83077?
8
What is the units digit of 449?
9
What is the tens digit of 970?
7
What is the ten thousands digit of 135125?
3
What is the hundreds digit of 1455?
4
What is the tens digit of 622?
2
What is the tens digit of 1259?
5
What is the units digit of 45279?
9
What is the tens digit of 941?
4
What is the ten thousands digit of 24510?
2
What is the units digit of 3790?
0
What is the hundreds digit of 535?
5
What is the hundreds digit of 7491?
4
What is the units digit of 1051?
1
What is the ten thousands digit of 87905?
8
What is the tens digit of 14744?
4
What is the thousands digit of 6228?
6
What is the tens digit of 18908?
0
What is the thousands digit of 18794?
8
What is the thousands digit of 2419?
2
What is the tens digit of 1667?
6
What is the units digit of 2173?
3
What is the tens digit of 144696?
9
What is the ten thousands digit of 36280?
3
What is the thousands digit of 48677?
8
What is the thousands digit of 62179?
2
What is the units digit of 5375?
5
What is the hundreds digit of 3773?
7
What is the units digit of 3105?
5
What is the thousands digit of 2090?
2
What is the units digit of 7231?
1
What is the thousands digit of 1598?
1
What is the hundreds digit of 6887?
8
What is the units digit of 35760?
0
What is the units digit of 45135?
5
What is the units digit of 45?
5
What is the tens digit of 988?
8
What is the units digit of 4630?
0
What is the tens digit of 124776?
7
What is the thousands digit of 19302?
9
What is the units digit of 2128?
8
What is the hundreds digit of 435?
4
What is the units digit of 4798?
8
What is the hundreds digit of 885?
8
What is the tens digit of 37?
3
What is the units digit of 1968?
8
What is the hundreds digit of 588?
5
What is the thousands digit of 1059?
1
What is the tens digit of 2896?
9
What is the units digit of 27542?
2
What is the hundreds digit of 12905?
9
What is the hundreds digit of 476?
4
What is the thousands digit of 8369?
8
What is the thousands digit of 4148?
4
What is the tens digit of 108300?
0
What is the units digit of 17787?
7
What is the tens digit of 660?
6
What is the hundreds digit of 3343?
3
What is the tens digit of 17368?
6
What is the hundreds digit of 28958?
9
What is the units digit of 28340?
0
What is the ten thousands digit of 32882?
3
What is the tens digit of 70886?
8
What is the tens digit of 6277?
7
What is the hundreds digit of 121637?
6
What is the tens digit of 5718?
1
What is the hundreds digit of 1221?
2
What is the tens digit of 908?
0
What is the tens digit of 82846?
4
What is the tens digit of 37?
3
What is the hundreds digit of 8579?
5
What is the hundreds digit of 39510?
5
What is the units digit of 4559?
9
What is the hundreds digit of 1587?
5
What is the thousands digit of 74894?
4
What is the hundreds digit of 4014?
0
What is the thousands digit of 8970?
8
What is the units digit of 139?
9
What is the units digit of 120?
0
What is the thousands digit of 1661?
1
What is the units digit of 63942?
2
What is the thousands digit of 6879?
6
What is the hundred thousands digit of 180238?
1
What is the units digit of 4621?
1
What is the thousands digit of 11992?
1
What is the tens digit of 993?
9
What is the thousands digit of 38993?
8
What is the thousands digit of 4052?
4
What is the hundreds digit of 2491?
4
What is the hundreds digit of 538?
5
What is the tens digit of 531?
3
What is the units digit of 7782?
2
What is the units digit of 654?
4
What is the tens digit of 3322?
2
What is the hundreds digit of 5329?
3
What is the tens digit of 1536?
3
What is the tens digit of 27306?
0
What is the tens digit of 92559?
5
What is the ten thousands digit of 51926?
5
What is the hundreds digit of 1191?
1
What is the thousands digit of 70164?
0
What is the ten thousands digit of 28029?
2
What is the units digit of 425?
5
What is the tens digit of 769?
6
What is the tens digit of 1280?
8
What is the hundreds digit of 317?
3
What is the hundreds digit of 76169?
1
What is the tens digit of 1260?
6
What is the hundreds digit of 1117?
1
What is the hundreds digit of 71295?
2
What is the thousands digit of 2019?
2
What is the tens digit of 168?
6
What is the units digit of 36966?
6
What is the hundreds digit of 542?
5
What is the tens digit of 55?
5
What is the units digit of 22052?
2
What is the thousands digit of 7763?
7
What is the units digit of 132?
2
What is the hundreds digit of 353?
3
What is the units digit of 1457?
7
What is the thousands digit of 18823?
8
What is the hundreds digit of 127764?
7
What is the tens digit of 502?
0
What is the thousands digit of 1905?
1
What is the units digit of 68107?
7
What is the units digit of 8890?
0
What is the hundreds digit of 5145?
1
What is the tens digit of 20722?
2
What is the hundreds digit of 4246?
2
What is the ten thousands digit of 23318?
2
What is the tens digit of 5084?
8
What is the hundreds digit of 518?
5
What is the hundreds digit of 1420?
4
What is the thousands digit of 3233?
3
What is the hundreds digit of 304?
3
What is the thousands digit of 6315?
6
What is the thousands digit of 142709?
2
What is the tens digit of 35?
3
What is the tens digit of 4235?
3
What is the thousands digit of 11261?
1
What is the hundreds digit of 3000?
0
What is the tens digit of 1211?
1
What is the hundreds digit of 32065?
0
What is the units digit of 846?
6
What is the thousands digit of 3712?
3
What is the thousands digit of 1478?
1
What is the units digit of 547?
7
What is the thousands digit of 40043?
0
What is the units digit of 1377?
7
What is the units digit of 171?
1
What is the units digit of 8318?
8
What is the tens digit of 3084?
8
What is the tens digit of 1191?
9
What is the thousands digit of 11387?
1
What is the tens digit of 156?
5
What is the tens digit of 1301?
0
What is the units digit of 772?
2
What is the tens digit of 76490?
9
What is the ten thousands digit of 48418?
4
What is the units digit of 872?
2
What is the tens digit of 1583?
8
What is the tens digit of 2477?
7
What is the thousands digit of 6346?
6
W